{"id":3366,"date":"2023-09-23T18:42:34","date_gmt":"2023-09-23T16:42:34","guid":{"rendered":"https:\/\/www.flyingstreet.art\/events\/jahrmarkteroeffnung-am-kran-mit-tuchartistik\/"},"modified":"2024-03-17T08:55:01","modified_gmt":"2024-03-17T07:55:01","slug":"jahrmarkteroeffnung-am-kran-mit-tuchartistik","status":"publish","type":"mec-events","link":"https:\/\/www.flyingstreet.art\/de\/events\/jahrmarkteroeffnung-am-kran-mit-tuchartistik\/","title":{"rendered":"Jahrmarkter\u00f6ffnung am Kran mit Tuchartistik"},"content":{"rendered":"<p>Am 2 Juni er\u00f6ffneten wir den Jahrmarkt in Geleen mit einer spektakul\u00e4ren <a href=\"https:\/\/www.flyingstreet.art\/acts\/windrose\/\">Tuchnummer<\/a> am hauseigenen Kran. Das Wetter zur Er\u00f6ffnung war fantastisch. Die goldenen T\u00fccher flogen wundersch\u00f6n im Sommerwind. Der B\u00fcrgermeister hielt seine Er\u00f6ffnungsrede und der <a href=\"https:\/\/www.gelaenderkirmes.nl\/\"> Jahrmarkt in Geleen<\/a> war somit er\u00f6ffnet.<\/p>\n<p><img loading=\"lazy\" decoding=\"async\" class=\"alignnone size-medium wp-image-3359\" src=\"https:\/\/www.flyingstreet.art\/wp-content\/uploads\/2023\/09\/IMG_1154-533x400.jpg\" alt=\"\" width=\"533\" height=\"400\" srcset=\"https:\/\/www.flyingstreet.art\/wp-content\/uploads\/2023\/09\/IMG_1154-533x400.jpg 533w, https:\/\/www.flyingstreet.art\/wp-content\/uploads\/2023\/09\/IMG_1154-1067x800.jpg 1067w, https:\/\/www.flyingstreet.art\/wp-content\/uploads\/2023\/09\/IMG_1154-768x576.jpg 768w, https:\/\/www.flyingstreet.art\/wp-content\/uploads\/2023\/09\/IMG_1154-1536x1152.jpg 1536w, https:\/\/www.flyingstreet.art\/wp-content\/uploads\/2023\/09\/IMG_1154-rotated.jpg 2016w\" sizes=\"auto, (max-width: 533px) 100vw, 533px\" \/> <img loading=\"lazy\" decoding=\"async\" class=\"alignnone size-medium wp-image-3362\" src=\"https:\/\/www.flyingstreet.art\/wp-content\/uploads\/2023\/09\/IMG_1156-300x400.jpg\" alt=\"\" width=\"300\" height=\"400\" srcset=\"https:\/\/www.flyingstreet.art\/wp-content\/uploads\/2023\/09\/IMG_1156-300x400.jpg 300w, https:\/\/www.flyingstreet.art\/wp-content\/uploads\/2023\/09\/IMG_1156-600x800.jpg 600w, https:\/\/www.flyingstreet.art\/wp-content\/uploads\/2023\/09\/IMG_1156-768x1024.jpg 768w, https:\/\/www.flyingstreet.art\/wp-content\/uploads\/2023\/09\/IMG_1156-1152x1536.jpg 1152w, https:\/\/www.flyingstreet.art\/wp-content\/uploads\/2023\/09\/IMG_1156-rotated.jpg 1512w\" sizes=\"auto, (max-width: 300px) 100vw, 300px\" \/><\/p>\n","protected":false},"excerpt":{"rendered":"<p>Am 2 Juni er\u00f6ffneten wir den Jahrmarkt in Geleen mit einer spektakul\u00e4ren Tuchnummer am hauseigenen Kran. Das Wetter zur Er\u00f6ffnung war fantastisch. Die goldenen T\u00fccher flogen wundersch\u00f6n im Sommerwind. Der B\u00fcrgermeister hielt seine Er\u00f6ffnungsrede und der Jahrmarkt in Geleen war somit er\u00f6ffnet.<\/p>\n","protected":false},"author":1,"featured_media":3361,"comment_status":"closed","ping_status":"closed","template":"","meta":{"content-type":"","_monsterinsights_skip_tracking":false,"_monsterinsights_sitenote_active":false,"_monsterinsights_sitenote_note":"","_monsterinsights_sitenote_category":0,"ngg_post_thumbnail":0},"tags":[],"mec_category":[254,230],"class_list":["post-3366","mec-events","type-mec-events","status-publish","has-post-thumbnail","hentry","mec_category-der-fliegende-koffer-de","mec_category-der-fliegende-koffer"],"aioseo_notices":[],"_links":{"self":[{"href":"https:\/\/www.flyingstreet.art\/de\/wp-json\/wp\/v2\/mec-events\/3366","targetHints":{"allow":["GET"]}}],"collection":[{"href":"https:\/\/www.flyingstreet.art\/de\/wp-json\/wp\/v2\/mec-events"}],"about":[{"href":"https:\/\/www.flyingstreet.art\/de\/wp-json\/wp\/v2\/types\/mec-events"}],"author":[{"embeddable":true,"href":"https:\/\/www.flyingstreet.art\/de\/wp-json\/wp\/v2\/users\/1"}],"replies":[{"embeddable":true,"href":"https:\/\/www.flyingstreet.art\/de\/wp-json\/wp\/v2\/comments?post=3366"}],"wp:featuredmedia":[{"embeddable":true,"href":"https:\/\/www.flyingstreet.art\/de\/wp-json\/wp\/v2\/media\/3361"}],"wp:attachment":[{"href":"https:\/\/www.flyingstreet.art\/de\/wp-json\/wp\/v2\/media?parent=3366"}],"wp:term":[{"taxonomy":"post_tag","embeddable":true,"href":"https:\/\/www.flyingstreet.art\/de\/wp-json\/wp\/v2\/tags?post=3366"},{"taxonomy":"mec_category","embeddable":true,"href":"https:\/\/www.flyingstreet.art\/de\/wp-json\/wp\/v2\/mec_category?post=3366"}],"curies":[{"name":"wp","href":"https:\/\/api.w.org\/{rel}","templated":true}]}}

Jahrmarkteröffnung am Kran mit Tuchartistik

<p>Am 2 Juni eröffneten wir den Jahrmarkt in Geleen mit einer spektakulären <a href="https://www.flyingstreet.art/acts/windrose/">Tuchnummer</a> am hauseigenen Kran. Das Wetter zur Eröffnung war fantastisch. Die goldenen Tücher flogen wunderschön im Sommerwind. Der Bürgermeister hielt seine Eröffnungsrede und der <a href="https://www.gelaenderkirmes.nl/"> Jahrmarkt in Geleen</a> war somit eröffnet.</p>
<p><img loading="lazy" decoding="async" class="alignnone size-medium wp-image-3359" src="https://www.flyingstreet.art/wp-content/uploads/2023/09/IMG_1154-533x400.jpg" alt="" width="533" height="400" srcset="https://www.flyingstreet.art/wp-content/uploads/2023/09/IMG_1154-533x400.jpg 533w, https://www.flyingstreet.art/wp-content/uploads/2023/09/IMG_1154-1067x800.jpg 1067w, https://www.flyingstreet.art/wp-content/uploads/2023/09/IMG_1154-768x576.jpg 768w, https://www.flyingstreet.art/wp-content/uploads/2023/09/IMG_1154-1536x1152.jpg 1536w, https://www.flyingstreet.art/wp-content/uploads/2023/09/IMG_1154-rotated.jpg 2016w" sizes="auto, (max-width: 533px) 100vw, 533px" /> <img loading="lazy" decoding="async" class="alignnone size-medium wp-image-3362" src="https://www.flyingstreet.art/wp-content/uploads/2023/09/IMG_1156-300x400.jpg" alt="" width="300" height="400" srcset="https://www.flyingstreet.art/wp-content/uploads/2023/09/IMG_1156-300x400.jpg 300w, https://www.flyingstreet.art/wp-content/uploads/2023/09/IMG_1156-600x800.jpg 600w, https://www.flyingstreet.art/wp-content/uploads/2023/09/IMG_1156-768x1024.jpg 768w, https://www.flyingstreet.art/wp-content/uploads/2023/09/IMG_1156-1152x1536.jpg 1152w, https://www.flyingstreet.art/wp-content/uploads/2023/09/IMG_1156-rotated.jpg 1512w" sizes="auto, (max-width: 300px) 100vw, 300px" /></p>

<p>Am 2 Juni eröffneten wir den Jahrmarkt in Geleen mit einer spektakulären Tuchnummer am hauseigenen Kran. Das Wetter zur Eröffnung war fantastisch. Die goldenen Tücher flogen wunderschön im Sommerwind. Der Bürgermeister hielt seine Eröffnungsrede und der Jahrmarkt in Geleen war somit eröffnet.</p>
